 15, what is -3 - 326?
-329
In base 14, what is 143b + 4?
1441
In base 7, what is -4 + -3?
-10
In base 7, what is -2366 + 5?
-2361
In base 12, what is 1 - 16?
-15
In base 6, what is -5 + 203?
154
In base 15, what is 1c5e + 2?
1c61
In base 15, what is -ae + 18?
-96
In base 7, what is 20 + -6?
11
In base 14, what is -1d - -4?
-19
In base 9, what is 137 + -4?
133
In base 8, what is -3 - 17?
-22
In base 6, what is 5 + -1110?
-1101
In base 7, what is -6 + -22?
-31
In base 10, what is 50 + 1?
51
In base 12, what is 0 - -3b7?
3b7
In base 13, what is 6 - 5?
1
In base 11, what is -10a + -170?
-27a
In base 12, what is 2 - 86?
-84
In base 7, what is -1 + 2402?
2401
In base 13, what is -a + 6c?
62
In base 10, what is 18 - -70?
88
In base 14, what is cb5 + 2?
cb7
In base 6, what is -231 - -3?
-224
In base 15, what is -753 + -4?
-757
In base 14, what is b1 + -3?
ac
In base 16, what is -6d - -2?
-6b
In base 3, what is 2121121 + 0?
2121121
In base 11, what is 47 - 6?
41
In base 3, what is 211 - -2?
220
In base 11, what is -28 + 4?
-24
In base 12, what is -3 + -1?
-4
In base 15, what is 1a3 + -3?
1a0
In base 7, what is 2 - -16?
21
In base 15, what is 105 + 4?
109
In base 16, what is 28f - -2f?
2be
In base 9, what is -83 + -45?
-138
In base 7, what is -11 - 302?
-313
In base 4, what is -12122 - -12?
-12110
In base 14, what is 36a - -1?
36b
In base 11, what is -20 - 36?
-56
In base 12, what is 1b9 + 2?
1bb
In base 15, what is 9a - c?
8d
In base 16, what is 2 + 4a?
4c
In base 12, what is -695 + -4?
-699
In base 14, what is 2d7 + 5?
2dc
In base 13, what is -8b - 1?
-8c
In base 11, what is -42 - -1a6?
164
In base 11, what is -69 - -5?
-64
In base 9, what is -7 - 0?
-7
In base 13, what is -a7 + 1?
-a6
In base 4, what is 0 - 33221?
-33221
In base 4, what is 2120 - -11?
2131
In base 11, what is 3 + -93?
-90
In base 4, what is 1 - -10321?
10322
In base 8, what is -11645 + -2?
-11647
In base 9, what is -126 + -44?
-171
In base 15, what is -88 - 5?
-8d
In base 6, what is -1 + -14?
-15
In base 6, what is 135 + -30?
105
In base 15, what is 15 + -29?
-14
In base 11, what is -2 - 85?
-87
In base 8, what is -2774 - -3?
-2771
In base 12, what is -42 + -5?
-47
In base 2, what is 1 - -1100?
1101
In base 2, what is 10 - 1100000?
-1011110
In base 5, what is 132 - -20?
202
In base 10, what is -3 + -243?
-246
In base 6, what is 1051 + 15?
1110
In base 5, what is -103 - -4?
-44
In base 6, what is -1 + 1033?
1032
In base 7, what is 60 - 5?
52
In base 12, what is 0 - -5b?
5b
In base 3, what is 111 + 1022200?
1100011
In base 8, what is -125 + 5?
-120
In base 13, what is 6 - cb?
-c5
In base 5, what is -1202 - 4?
-1211
In base 5, what is 1143 + 4?
1202
In base 5, what is 4 - 2332?
-2323
In base 11, what is -136 + -4?
-13a
In base 5, what is 4114 + 13?
4132
In base 16, what is -1666 - 0?
-1666
In base 4, what is -10 - 102?
-112
In base 10, what is 22 - -19?
41
In base 10, what is -1033 + -14?
-1047
In base 5, what is 123 + -330?
-202
In base 8, what is 3 + 243?
246
In base 16, what is -6 - -5f?
59
In base 12, what is -3 - ab?
-b2
In base 10, what is -508 + -1?
-509
In base 3, what is 1220 - 0?
1220
In base 2, what is -1100100 + -1010?
-1101110
In base 11, what is 23 + a15?
a38
In base 7, what is -4 + -1421?
-1425
In base 5, what is -14133 + 4?
-14124
In base 8, what is 20 - -7?
27
In base 11, what is 0 - 32?
-32
In base 6, what is -43 + -1502?
-1545
In base 2, what is 100101010 - 101?
100100101
In base 9, what is 7 - -47?
55
In base 2, what is -1 - -10000?
1111
In base 15, what is 3 + -60?
-5c
In base 10, what is -22 - 73?
-95
In base 8, what is -11 - -1?
-10
In base 15, what is -9c0 - 2?
-9c2
In base 10, what is -1 + 1474?
1473
In base 16, what is -3 - 18?
-1b
In base 13, what is -3 - 1167?
-116a
In base 4, what is 3 + 21321?
21330
In base 3, what is 2 - 220?
-211
In base 10, what is 17 - 21?
-4
In base 4, what is -101 + 3?
-32
In base 3, what is 10 + 1020?
1100
In base 8, what is -3 + -261?
-264
In base 12, what is 4103 - 2?
4101
In base 12, what is 0 + -25?
-25
In base 2, what is 100 - 1000110110?
-1000110010
In base 2, what is -11 + 1110111111?
1110111100
In base 10, what is 14 + 4?
18
In base 8, what is 2500 - -4?
2504
In base 4, what is -20 + -333?
-1013
In base 6, what is -1 + 55?
54
In base 16, what is -1b + 2?
-19
In base 13, what is 3 - -118?
11b
In base 8, what is 1340 + 0?
1340
In base 4, what is 10221 - 1?
10220
In base 11, what is -7276 + 1?
-7275
In base 3, what is -11 - 2020?
-2101
In base 4, what is 2 + -230203?
-230201
In base 10, what is 58 - 0?
58
In base 3, what is -1200 - 2002?
-10202
In base 15, what is a4 + e?
b3
In base 12, what is 2b1 - 16?
297
In base 8, what is 4 + 1262?
1266
In base 14, what is -23d - 0?
-23d
In base 13, what is 1c + 30?
4c
In base 14, what is -6 - 2c?
-34
In base 12, what is 76 + 0?
76
In base 6, what is 2 + -135?
-133
In base 16, what is -1bd + 13?
-1aa
In base 2, what is 0 + -110110101?
-110110101
In base 8, what is -5 - 125?
-132
In base 10, what is 1902 - -3?
1905
In base 16, what is -13bc + 2?
-13ba
In base 16, what is 3 + 3f5?
3f8
In base 6, what is -2 + 544?
542
In base 15, what is 2 + 598?
59a
In base 15, what is -5 - -c2d?
c28
In base 9, what is 5 + -407?
-402
In base 13, what is b296 - 3?
b293
In base 5, what is 1212 - 0?
1212
In base 3, what is -10022 + 102?
-2220
In base 5, what is 10 + -1030?
-1020
In base 13, what is -5 - 104?
-109
In base 16, what is 27 - 3?
24
In base 2, what is 101000111110 + -1?
101000111101
In base 3, what is 12 - 102212?
-102200
In base 8, what is -1 - -654?
653
In base 9, what is 5 + 61?
66
In base 8, what is 2576 - -11?
2607
In base 10, what is -2 - 71?
-73
In base 2, what is 1000101110 - 10?
1000101100
In base 10, what is 9 + -261?
-252
In base 12, what is -3 + -11?
-14
In base 10, what is -22 - -58?
36
In base 15, what is 14 + -a?
9
In base 12, what is 44b + -23?
428
In base 5, what is -13 + 30102?
30034
In base 15, what is -10 - -c?
-3
In base 3, what is -122 + -1?
-200
In base 16, what is -6 + 45?
3f
In base 16, what is -5 + 65?
60
In base 3, what is -1202 - -1211?
2
In base 9, what is 16 - 427?
-411
In base 12, what is 0 - 341?
-341
In base 15, what is 0 - -24b?
24b
In base 3, what is -12 + -1000012?
-1000101
In base 13, what is -a - -140?
133
In base 16, what is 0 + -236?
-236
In base 4, what is -20 + 2121?
2101
In base 5, what is -1 - 214?
-220
In base 8, what is -12 - 4?
-16
In base 4, what is -10 + -2322?
-2332
In base 6, what is 5 - 1252?
-1243
In base 15, what is 3 + 87e?
882
In base 16, what is -9 - 15?
-1e
In base 10, what is -21 - 6?
-27
In base 16, what is 1 - -26?
27
In base 2, what is 10 - -10011?
10101
In base 12, what is -2 - 54?
-56
In base 2, what is 1001111011100001 - 11?
1001111011011110
In base 14, what is -b0 - -10?
-a0
In base 16, what is -6 + 1b0?
1aa
In base 16, what is 1c + -3?
19
In base 16, what is 0 + 4?
4
In base 6, what is -51 + -320?
-411
In base 15, what is 5 + -11ba?
-11b5
In base 7, what is 1356 - -4?
1363
In base 5, what is -101 - -1?
-100
In base 4, what is -11 - 2103?
-2120
In base 12, what is -731 - 8?
-739
In base 8, what is 150 - -6?
156
In base 2, what is -111 + -1?
-1000
In base 13, what is -a08 - -3?
-a05
In base 12, what is 5 + -4?
1
In base 2, what is 100100011 + -10?
100100001
In base 14, what is -d03 + -5?
-d08
In base 11, what is 176 - -2?
178
In base 3, what is 1210 - -2?
1212
In base 9, what is -2 + 67?
65
In base 2, what is -1001 + 10101?
1100
In base 13, what is a7 + 8?
b2
In base 9, what is 151 + -18?
132
In base 9, what is 1 - -161?
162
In base 4, what is 31031300 - 11?
31031223
In base 10, what is -52 - 67?
-119
In base 15, what is 5 + 20?
25
In base 11, what is 72 - 0?
72
In base 11, what is 9 + 67?
75
In base 9, what is 158 + -5?
153
In base 5, what is 34 - 10?
24
In base 2, what is -100 + -11111011?
-11111111
In base 10, what is -5 + 52?
47
In base 11, what is -9 + 272?
264
In base 14, what is 0 - 662?
-662
In base 14, what is -4 + -33b?
-341
In base 15, what is -16 - 1?
-17
In base 5, what is 1242 + 11?
1303
In base 7, what is -16 - 2?
-21
In base 13, what is 1520 - -2?
1522
In base 11, what is -220 - 8?
-228
In base 13, what is 4 - -54?
58
In base 5, what is -3 + 1244?
1241
In base 12, what is -15 + -1a?
-33
In base 2, what is -10000 - -